st common factor of 2725 and 109?
109
What is the greatest common factor of 165 and 10505?
55
What is the greatest common divisor of 8 and 12?
4
What is the highest common divisor of 362 and 2?
2
What is the greatest common divisor of 6391 and 154?
77
What is the greatest common divisor of 66 and 6?
6
Calculate the greatest common factor of 2 and 334.
2
Calculate the highest common factor of 4717 and 267.
89
Calculate the highest common divisor of 83 and 1577.
83
What is the greatest common factor of 56 and 56?
56
What is the greatest common factor of 2 and 438?
2
What is the highest common divisor of 150 and 23100?
150
Calculate the greatest common factor of 637 and 49.
49
What is the greatest common factor of 18447 and 1287?
429
Calculate the greatest common factor of 1875 and 15.
15
Calculate the highest common factor of 14 and 658.
14
Calculate the greatest common factor of 147 and 3.
3
What is the greatest common factor of 14 and 350?
14
Calculate the greatest common divisor of 525 and 70.
35
What is the highest common divisor of 10 and 190?
10
What is the highest common divisor of 81 and 351?
27
What is the highest common divisor of 3924 and 72?
36
What is the greatest common divisor of 4979 and 104?
13
What is the greatest common divisor of 15 and 435?
15
Calculate the highest common factor of 52 and 78.
26
Calculate the greatest common factor of 50 and 20.
10
Calculate the greatest common factor of 168 and 210.
42
What is the greatest common divisor of 177 and 5723?
59
What is the greatest common factor of 6 and 150?
6
Calculate the greatest common divisor of 183 and 2806.
61
What is the greatest common factor of 48 and 1572?
12
Calculate the highest common factor of 81 and 9423.
27
What is the greatest common factor of 30 and 14580?
30
Calculate the greatest common factor of 276 and 460.
92
What is the highest common divisor of 136 and 68?
68
What is the highest common factor of 288 and 120?
24
Calculate the greatest common divisor of 435 and 1334.
29
What is the highest common factor of 444 and 3700?
148
What is the greatest common divisor of 29 and 232?
29
What is the highest common factor of 1750 and 150?
50
Calculate the greatest common factor of 161 and 4508.
161
Calculate the greatest common divisor of 238 and 70.
14
Calculate the greatest common factor of 122 and 2257.
61
What is the greatest common factor of 585 and 130?
65
What is the highest common divisor of 22 and 5819?
11
Calculate the greatest common divisor of 188 and 4.
4
What is the greatest common divisor of 165 and 1045?
55
What is the highest common divisor of 896 and 588?
28
Calculate the highest common factor of 3575 and 2750.
275
Calculate the highest common factor of 162 and 6723.
81
Calculate the greatest common factor of 10349 and 632.
79
What is the highest common divisor of 2004 and 2171?
167
Calculate the greatest common factor of 8 and 37.
1
Calculate the highest common divisor of 280 and 60.
20
What is the highest common divisor of 9480 and 180?
60
What is the highest common factor of 20 and 135?
5
Calculate the greatest common divisor of 477 and 212.
53
What is the highest common divisor of 325 and 1820?
65
Calculate the highest common factor of 12995 and 115.
115
What is the greatest common divisor of 531 and 9?
9
What is the highest common divisor of 24 and 192?
24
Calculate the highest common divisor of 1620 and 240.
60
Calculate the greatest common divisor of 19 and 25859.
19
Calculate the greatest common divisor of 1136 and 1349.
71
What is the highest common factor of 2193 and 663?
51
Calculate the greatest common factor of 748 and 66.
22
What is the highest common divisor of 48 and 6?
6
What is the greatest common factor of 4640 and 320?
160
Calculate the highest common divisor of 95 and 38.
19
What is the greatest common divisor of 44 and 110?
22
What is the greatest common divisor of 47 and 1363?
47
Calculate the highest common factor of 1269 and 9.
9
What is the greatest common divisor of 3670 and 20?
10
What is the highest common divisor of 1441 and 5109?
131
What is the highest common divisor of 11961 and 18?
9
What is the highest common factor of 654 and 42?
6
What is the highest common factor of 16 and 208?
16
What is the greatest common divisor of 32 and 888?
8
Calculate the greatest common divisor of 957 and 99.
33
What is the greatest common divisor of 129 and 860?
43
Calculate the greatest common divisor of 13 and 6331.
13
Calculate the greatest common factor of 55 and 319.
11
Calculate the greatest common factor of 234 and 182.
26
Calculate the greatest common divisor of 65 and 416.
13
What is the highest common factor of 350 and 100?
50
Calculate the highest common divisor of 68 and 17.
17
Calculate the greatest common factor of 21 and 77.
7
What is the greatest common divisor of 35 and 448?
7
Calculate the highest common divisor of 275 and 517.
11
What is the highest common divisor of 62 and 2759?
31
Calculate the greatest common divisor of 1107 and 328.
41
Calculate the highest common divisor of 46 and 1035.
23
What is the greatest common divisor of 312 and 3003?
39
Calculate the greatest common divisor of 16 and 334.
2
Calculate the highest common factor of 9140 and 5941.
457
Calculate the highest common factor of 96 and 804.
12
What is the highest common factor of 11 and 9218?
11
Calculate the highest common factor of 153 and 136.
17
Calculate the highest common factor of 940 and 60.
20
What is the greatest common divisor of 201 and 33?
3
What is the highest common factor of 10 and 8095?
5
Calculate the greatest common divisor of 5 and 610.
5
Calculate the greatest common divisor of 21 and 511.
7
What is the greatest common divisor of 605 and 968?
121
Calculate the greatest common factor of 20 and 3140.
20
What is the highest common factor of 8 and 2456?
8
What is the greatest common factor of 86 and 989?
43
Calculate the highest common divisor of 110 and 140.
10
Calculate the highest common divisor of 70 and 10.
10
Calculate the highest common divisor of 60 and 345.
15
What is the greatest common divisor of 264 and 1956?
12
Calculate the greatest common factor of 117 and 1677.
39
Calculate the greatest common factor of 1370 and 411.
137
Calculate the greatest common divisor of 315 and 420.
105
What is the highest common divisor of 11957 and 22?
11
Calculate the highest common factor of 108 and 3132.
108
What is the greatest common factor of 50 and 150?
50
Calculate the greatest common factor of 876 and 48.
12
What is the greatest common divisor of 3401 and 895?
179
Calculate the greatest common divisor of 243 and 9.
9
Calculate the highest common factor of 4 and 127.
1
What is the highest common divisor of 72 and 360?
72
What is the greatest common factor of 75 and 3525?
75
What is the highest common factor of 9 and 12?
3
What is the greatest common factor of 175 and 280?
35
Calculate the greatest common factor of 7430 and 10.
10
Calculate the highest common factor of 125 and 31375.
125
What is the greatest common divisor of 56 and 168?
56
What is the greatest common divisor of 1 and 2383?
1
What is the highest common factor of 422 and 9073?
211
Calculate the greatest common factor of 52 and 884.
52
What is the highest common divisor of 460 and 276?
92
Calculate the highest common factor of 2000 and 320.
80
What is the highest common divisor of 161 and 115?
23
What is the greatest common factor of 273 and 27118?
91
What is the greatest common factor of 77 and 35?
7
What is the highest common factor of 9705 and 15?
15
Calculate the highest common factor of 100 and 8.
4
What is the greatest common factor of 1199 and 33?
11
Calculate the highest common factor of 20 and 640.
20
What is the highest common divisor of 250 and 13175?
25
Calculate the greatest common divisor of 104 and 546.
26
Calculate the highest common divisor of 1738 and 77.
11
What is the greatest common divisor of 989 and 23?
23
Calculate the greatest common factor of 247 and 65.
13
What is the highest common divisor of 22 and 1474?
22
Calculate the greatest common factor of 684 and 57.
57
What is the highest common divisor of 515 and 3914?
103
Calculate the greatest common factor of 4 and 1004.
4
Calculate the highest common divisor of 126 and 1806.
42
What i